on factor of j and s?
1
Let y be (-1)/((-2)/(-200)) + 3. Let i = -56 - y. What is the greatest common divisor of i and 123?
41
Suppose 2*v - 9 - 30 = -3*x, 2*x - 26 = 5*v. Suppose -x*s = -16*s + 1485. Calculate the highest common divisor of 45 and s.
45
Let l = 1 - -3. Let z = l - 4. Suppose z = 5*x, -5*g - 6 = -4*x - 56. What is the highest common factor of g and 110?
10
Suppose -5*i = 0, n = 2*n + 5*i - 25. Let g(k) = 2*k**2 + 23*k - 14. Let d be g(-13). Calculate the greatest common factor of d and n.
25
Let k(b) be the first derivative of -14*b**3/3 + b**2/2 + b + 6. Let w be k(-1). Let l = -5 - w. Calculate the greatest common factor of 6 and l.
3
Suppose -16*j + 20*j = 220. What is the highest common factor of j and 44?
11
Let l be (-1)/5*17 - (-48)/120. Let x(z) = -z**3 - 2*z**2 + z + 5. Let d be x(l). Calculate the highest common factor of 1 and d.
1
Suppose 176*a - 172*a = -296. Let i = 75 + a. What is the highest common factor of 1 and i?
1
Suppose n + 3 = 3*f + 14, -3*f - 31 = -5*n. Let g be (1 - 2)/(n/(-95)). What is the highest common factor of 19 and g?
19
Suppose -7*i + 25 = -10. Suppose -i*l - 2 - 1 = -4*t, -4*l - 4 = -4*t. Calculate the highest common factor of 26 and t.
2
Suppose 7 = 4*n - 4*q + 3, 9 = 3*n - q. Suppose -n*v + 2*v = -52. Calculate the greatest common divisor of 26 and v.
26
Suppose 5*z - 8 = -3. Let a be (z - 1 - (-30)/(-40))*-4. What is the greatest common factor of 33 and a?
3
Let s(u) = u - 1. Let o(d) = 4*d - 2. Let z(q) = -o(q) - 2*s(q). Let f be z(-2). What is the highest common divisor of f and 4?
4
Let o be (-2)/(-1) - 4/2. Suppose 2*w + 2*w - 180 = o. Let d be (-14)/56 + 73/4. What is the highest common factor of d and w?
9
Suppose -3*j = -4*v + 6*v + 1, 0 = -2*v - 5*j - 3. Let c be -1 - -2*43/v. Calculate the highest common factor of c and 34.
17
Suppose -p = -4*f + 296, 0 = 3*f + 4*p - 53 - 169. Calculate the highest common factor of f and 3404.
74
Let h = -8 + 214. Calculate the highest common factor of 309 and h.
103
Let y = 279 + -174. Suppose 3*t + 33 = y. Calculate the highest common factor of t and 6.
6
Let q = 5 - 1. Suppose 5*g = -5*u + 230, -1 = -q*g - 9. Suppose -55*i + 384 = -7*i. Calculate the highest common factor of i and u.
8
Let z be 4965/25 - 6/10. Let p = 100 - 56. Suppose 2*r = -0*r + p. What is the greatest common factor of r and z?
22
Suppose 680 = 11*w - 475. What is the highest common factor of 30 and w?
15
Let k = -50 + 24. Let x = k + 50. Calculate the greatest common divisor of 3 and x.
3
Let l(h) = -3*h**3 - 2*h - 2. Let j be l(-1). Suppose 50 = j*x - 4*n, n + 0 = 4. What is the highest common divisor of x and 99?
11
Let a(h) = -h**3 + 7*h**2 - 4*h - 7. Let y be a(6). Suppose -4*b - f + 143 = 0, -y*b = 3*f - 6*f - 166. Calculate the greatest common divisor of b and 14.
7
Let n(t) = -12*t**2 - 5*t. Let w(c) = -11*c**2 - 4*c + 1. Let j(m) = 4*n(m) - 5*w(m). Let p be j(-2). What is the greatest common factor of 23 and p?
23
Suppose 270*k = 288*k - 1188. Calculate the greatest common divisor of 165 and k.
33
Let l = 217 - 153. Suppose -4*u + 108 = 5*y, -u - 4*u + 172 = -3*y. What is the highest common factor of l and u?
32
Suppose -4*q + 2*q - 34 = 0. Let r = q - -13. Let c be r/(-2) - (-22 - 4). What is the highest common divisor of c and 7?
7
Suppose 4*t + 3 + 12 = 5*n, 6 = 2*n + 3*t. Suppose n*f + 40 = 64. Calculate the greatest common divisor of 4 and f.
4
Suppose 5 = 2*k - 3*w - 7, 4*w + 2 = -2*k. Suppose 3*o = 42 + k. What is the highest common factor of 60 and o?
15
Suppose 6*y - 38 = 58. What is the highest common divisor of 184 and y?
8
Let q = -150 + 192. What is the highest common divisor of 70 and q?
14
Let g be (-1)/((-2*1)/794). Suppose -5*i = x - 598, 4*i - 76 - g = x. Let p be -10 + 12 + (15 - 0). What is the highest common factor of i and p?
17
Suppose w - 80 = -6*b + 4*b, -b - 3*w + 45 = 0. Calculate the highest common divisor of b and 104.
13
Suppose 4*f - 105 = -23*j + 28*j, 2*j = 2*f - 50. What is the greatest common divisor of 60 and f?
20
Let q be 2/(-4)*2 - 720/(-45). What is the highest common divisor of q and 30?
15
Suppose 14 = j + 26. Let a be (2 + -1)*j*-3. Calculate the highest common divisor of 4 and a.
4
Suppose -10*n = -1273 - 267. Calculate the greatest common divisor of 66 and n.
22
Let y = -246 - -247. Calculate the greatest common divisor of 3 and y.
1
Suppose 2*s = 45 + 61. Suppose -8*d = -3*d - 4*f - 74, 0 = -4*d - 3*f + s. Calculate the greatest common divisor of 2 and d.
2
Let p be ((-290)/(-4))/5 - (-5)/(-10). Calculate the highest common factor of 434 and p.
14
Let k be -5 - 1*(0 - -1). Let r(v) = v**3 + 11*v**2 - 14. Let l be r(-11). Let a = k - l. What is the highest common divisor of 20 and a?
4
Suppose -30*o + 24*o = -1734. What is the greatest common divisor of 17 and o?
17
Suppose 7*a - 9*a - 12 = 0. Let m(y) = -16*y + 2. Let s be m(a). Suppose -i + 3*k - 3 = -2, i - 9 = k. What is the highest common factor of s and i?
14
Let p = 125 + -89. Let u(y) = -28*y - 300. Let w be u(-21). What is the highest common factor of p and w?
36
Suppose 2*a - 3*m = 66, 10*a - 38 = 8*a - 4*m. Calculate the greatest common factor of a and 63.
9
Let y = 46 - 39. Calculate the highest common factor of 140 and y.
7
Let d be (3 + (-327)/21)*(-7)/2. What is the highest common divisor of 28 and d?
4
Let c be (-3 + 9)*(1 + 3). What is the highest common divisor of c and 3?
3
Suppose -3*h + h + 48 = 0. Let k = h + -20. Suppose -325 = -5*u - 5*c, k*c + 230 = 3*u - 0*c. What is the highest common divisor of u and 175?
35
Suppose 0*y - 54 = -y. Let l be y/(-3)*(-4)/1. Let j(a) = -a**3 - 31*a**2 - 67*a - 252. Let p be j(-29). Calculate the greatest common divisor of p and l.
9
Suppose c - 2*p - 186 = 0, 0 = 4*c + c - 3*p - 951. Let q = -419 + 451. What is the greatest common divisor of q and c?
32
Let m = 44 - -495. What is the highest common factor of m and 11?
11
Suppose -3*l = -4*l + 5*j + 14, 2*l = 2*j + 12. Suppose 2*c + 162 + 60 = l*m, 3*c = m - 63. What is the greatest common divisor of 18 and m?
18
Suppose 5*p + 3*v - 23 = 0, -6*v + 2*v - 12 = -4*p. Suppose 0 = -5*y + y + 3*j + 35, 0 = -y - p*j + 23. What is the highest common factor of y and 44?
11
Let r(d) = 23*d**3 - 2*d**2 + 1. Let k be r(1). Suppose l + 28 - 6 = 0. Let o = 33 - l. Calculate the highest common factor of k and o.
11
Let i be -3 + -2 - (-2 - 144). Suppose -1 = -2*x + 1, 5*o = -x + i. What is the greatest common divisor of o and 4?
4
Suppose -3*y = -5*n + 40 - 184, 5*n - 157 = -4*y. Let b be ((-16)/(-4))/(-4) + y. What is the highest common divisor of 105 and b?
21
Let p = -15 + 16. Let x = 43 - 36. What is the greatest common factor of x and p?
1
Suppose -6 = -h - 2*g, 4*g = h + 5 + 7. Let f be (-4 - h) + 84/1. What is the greatest common factor of 20 and f?
20
Let i be 2 - (-1 - (-5)/(5/16)). Let f(b) = -b**3 - 11*b**2 + 25*b - 3. Let q be f(i). Calculate the highest common factor of 5 and q.
5
Suppose 5*d - 93 = 2*d - 4*v, d + 3*v = 26. Calculate the highest common divisor of d and 161.
7
Suppose 0 = 9*p - 6*p - 669. Let s be p/8 + (-10)/(-80). What is the greatest common divisor of 56 and s?
28
Let i(r) = -5*r**2 - 3*r. Let k be i(-2). Let q = 2 - k. What is the highest common divisor of q and 144?
16
Let v be 0 + 4/(-22) + (-2278)/(-187). Let n be (-157)/(-2) + -3 - v/(-8). Suppose 3*t + 2*t - 35 = 0. What is the highest common factor of t and n?
7
Suppose 4122 = 10*l + 3732. What is the greatest common divisor of 1911 and l?
39
Let g be 45*((-2)/7 + 1456/294). Calculate the highest common divisor of g and 350.
70
Suppose -27*q = -3*m - 26*q + 125, -3*q + 45 = m. What is the highest common factor of m and 14?
14
Suppose 0 = 3*f - 2098 + 547. Calculate the greatest common divisor of f and 11.
11
Suppose 2216 = -17*d + 16360. What is the greatest common factor of d and 26?
26
Let z be (-40)/(-15)*(-84)/(-4). Suppose 4*q = z - 172. Let i = -16 - q. What is the greatest common divisor of i and 13?
13
Suppose -8*o + 6*o - 14 = 0. Let z = o - -10. Suppose 0 = 2*b - z*b + 7. Calculate the greatest common divisor of 14 and b.
7
Let y = 10 + -5. Let m(n) = -35*n. Let s = -4 + 3. Let l be m(s). What is the highest common divisor of l and y?
5
Suppose -5*z = -8*z - 3*w + 1299, -5*z = 